-8*t - 5 - 3 + t. List the prime factors of k(-9).
5, 11
Let s(n) = 3*n - 49 - 5*n + 52. List the prime factors of s(-3).
3
Let l = -17 - -20. Let k(d) = l*d + 2 + 4*d - d. What are the prime factors of k(2)?
2, 7
Suppose 31*a = 35403 - 2729. List the prime factors of a.
2, 17, 31
Suppose 0 = 2*l - 22 - 26. Suppose -h + l = 2*h. Suppose -3*j + h + 49 = 0. List the prime factors of j.
19
Suppose -2*g = -2*k + 3132, 33*g + 4695 = 3*k + 29*g. List the prime factors of k.
3, 523
Let w(i) = -25*i + 5. Let d be w(-1). Suppose 0 = l - 12 - d. List the prime factors of l.
2, 3, 7
Let c = 63 + -66. What are the prime factors of 37 + 0/(12/c)?
37
Let h(d) = -3*d - 5 + 3 - 5. Let q be h(-5). Let c = q + 17. List the prime factors of c.
5
Let z be 1 - -1*(0 + -3). Let w = 42 - z. List the prime factors of w.
2, 11
Let b be -21*((-52)/(-12) - 4). Let g(j) = 2*j + 16. Let d be g(b). Suppose 4*i = 8*i, 59 = q + d*i. List the prime factors of q.
59
Suppose 2*f = -0*f + 5*o + 26, 0 = -f - o - 1. Suppose 1 = m - f. Suppose -4*l + 63 = -m*v - 21, 0 = -5*l + 3*v + 103. What are the prime factors of l?
2, 5
Suppose -5*c + 4070 = q, -9*q - c = -7*q - 8176. What are the prime factors of q?
2, 5, 409
Suppose -5*s = 2*s - 18347. Suppose -3106 = -23*a + s. What are the prime factors of a?
3, 83
Let h(a) = -a**2 + 8*a - 9. Let p be (-3)/15 + (-72)/(-10). Let z be h(p). What are the prime factors of 25 - (3 + z + 2)?
2, 11
Let r = -167 - -519. List the prime factors of r.
2, 11
Let q be 20/(-2)*(-2 - -1). Suppose a + 3*f = 5, -3*a + 12 = -3*f - 3. Suppose -a*u = -10*u + q. List the prime factors of u.
2
Suppose 4*k - 420 = 4*r, -2*r + 4*r - 2 = 0. What are the prime factors of k?
2, 53
Suppose -1525 = -3*d + k, -5*k - 1022 = -2*d - 3*k. What are the prime factors of d?
3, 13
Let c be (-1)/(-4) - (-1541)/(-4). Let l = c - -147. List the prime factors of 8/(-36) + l/(-18).
13
Let s be 75/10*(-6)/5. Let o be 8/36 + (-61)/s. Suppose -o*l + 4 = -5*l. List the prime factors of l.
2
Suppose r - 2 = 3*c + 19, r + 3*c = -9. Let j(a) = -a**3 + 6*a**2 - a + 3. Let p be j(r). What are the prime factors of (1/p)/(6/(-180))?
2, 5
What are the prime factors of 3 - (-1)/2*1670?
2, 419
Let i(l) = -l**2 + 7*l - 6. Let f be i(4). Suppose n - f*n + 345 = 5*u, -3*n + 278 = 4*u. What are the prime factors of u?
71
Let y = 31 - 28. Suppose p - y*h = -p + 85, -2*p + h + 83 = 0. List the prime factors of p.
41
List the prime factors of (10995/(-20) + 0)*16/(-6).
2, 733
Suppose 4*x - 677 = 3*a + 1878, -3*x + 1915 = -a. List the prime factors of x.
2, 11, 29
Let z(l) = -l**3 + 32*l**2 + 7*l + 2. Let p(v) = -3*v**3 + 65*v**2 + 14*v + 5. Let f(w) = -4*p(w) + 9*z(w). List the prime factors of f(-8).
2, 3, 11
Let s = -17 - -35. Let f be s/(-16) - (-13)/104. Let z = 46 - f. What are the prime factors of z?
47
Let h(i) be the third derivative of i**6/120 + i**5/10 - 3*i**4/8 - 5*i**3/6 - 4*i**2. What are the prime factors of h(-6)?
7
Let d(i) = -3*i + 18. Let y be d(8). What are the prime factors of 2*39/y*-1?
13
What are the prime factors of -7 + 1 + 13 - -1359?
2, 683
Suppose 62 = -3*z - 1. What are the prime factors of (-2 - 2841/z) + 14/(-49)?
7, 19
Let u(d) = 9*d**2 + 239*d + 15. What are the prime factors of u(-32)?
1583
Suppose 0 = -3*a + j + 14 + 22, 5*a = 5*j + 50. Suppose -i + 31 = -a. List the prime factors of i.
2, 11
Let i be 5/2*140/25. Suppose 2*u - i = -4*p, 7 = -2*p + 6*p - 5*u. Let w = p - 0. List the prime factors of w.
3
Let p(c) = c**2 - 5*c + 2. Suppose 5*y - 15 = -l, -l - l = -5*y. Let o be p(l). Suppose -5*b = -o*b - 87. List the prime factors of b.
29
What are the prime factors of -1 + 9/(-3)*(-8 - 213)?
2, 331
Let l be 361/7 + (-51)/(-21) + -2. Suppose -o + 3*o = -2, 4*o = 3*a - l. List the prime factors of a.
2
Suppose -5*k + 1 = -3*f, 4*f = k - 2 + 12. List the prime factors of ((-524)/8)/(k/(-4)).
131
Suppose -2*a - 3*u + 8 = u, 4*a + 3*u - 21 = 0. Let r(f) = -2*f + a + 0*f**2 - 2*f**2 + 4*f**2 - f**2. What are the prime factors of r(5)?
3, 7
Let w be ((-6)/4)/(2/(-40)). Suppose -5*x = -2*u - 3*x - 14, w = -4*u + 5*x. Let s = 6 - u. What are the prime factors of s?
11
Let g(t) = -t**2 - 11*t + 5. Let o be g(-10). Let v = 17 - o. Suppose v*c + 6 = 0, y - 5*c - 37 - 9 = 0. What are the prime factors of y?
31
Suppose -5*b = 4*m - 33, -6*b - 2*m = -2*b - 24. Suppose b*t - 2*t + 2*x - 310 = 0, t - 100 = x. Suppose 4*n - 14 = t. List the prime factors of n.
29
Let w(r) = -r**2 + 91*r + 72. What are the prime factors of w(84)?
2, 3, 5, 11
Let w(c) be the second derivative of -19/2*c**2 + 0 - 2/3*c**3 - 10*c. What are the prime factors of w(-16)?
3, 5
Suppose 5*s + 0*s = 40. Let n = s + -11. Let c(p) = -10*p + 4. What are the prime factors of c(n)?
2, 17
Let s(i) = -i**2 + 10*i - 2. Let k be (3*(-5)/20)/(2/(-8)). List the prime factors of s(k).
19
Suppose u - 3*i = -2*u, 3 = 4*u - i. Let l(g) = 6*g**3 - 5*g**3 + 2*g + 2*g**3 - 2*g**2 - 1 + 7*g**3. What are the prime factors of l(u)?
3
Let q(x) = -x**3 - 14*x**2 - 23*x - 15. Let n be q(-12). What are the prime factors of (-4059)/n*1 - (-1)/(-3)?
2, 3, 5
Let q be (0 - 0)*(-2)/(-4). Let v be q - (-9)/((-27)/(-30)). Suppose -f - 2 = -v. List the prime factors of f.
2
Let c be 4/6 - 50/3. Let n(y) = y**2 + 9*y + 13. Let a be n(c). Suppose -a = -5*x - d, -2*d - 100 = -4*x - 7*d. What are the prime factors of x?
5
Suppose 60 = -4*u + 8. Let z = u + 15. Suppose -60 = -z*y - 4*o, -3*y - 48 + 118 = o. List the prime factors of y.
2, 11
Suppose -8*r + 1 = -9*r. Let d = r + -48. What are the prime factors of -2*d*(-1)/(-2)?
7
List the prime factors of ((-41304)/(-16) + 8)*2.
5179
Let a(l) = -l**2 - 2*l + 31. Suppose 5*j - 28 = 7*j. Let n = j + 14. What are the prime factors of a(n)?
31
Let s = 991 + -423. Suppose -2*y = 6*y - s. What are the prime factors of y?
71
Suppose 0 = -5*c + 44 + 16. List the prime factors of c/20 + (-774)/(-10).
2, 3, 13
Let o(l) = 15*l - 50. Let p be o(7). Let x = p + 175. List the prime factors of x.
2, 5, 23
Suppose 159 + 741 = 5*d + 2*x, -720 = -4*d - x. Suppose -3*n + d = 6. List the prime factors of n.
2, 29
Let l be 0 - (-3)/3 - (-21 + 2). Let u(x) = 3*x + 12. List the prime factors of u(l).
2, 3
Suppose -2*z - 4*n + 12 = 0, n = -3*n + 12. Suppose z = 4*x + 11 - 235. Let g = -23 + x. List the prime factors of g.
3, 11
Let h(z) = -3*z**3 + 60*z**2 + 32*z + 34. What are the prime factors of h(20)?
2, 337
Let a(l) = l. Let x be a(3). Suppose 0 = -q - 0 + x. List the prime factors of q/5 + 110/25.
5
Let k(n) be the second derivative of n**3 - 2*n + 1/20*n**5 + 0 + 7/2*n**2 + 13/12*n**4. What are the prime factors of k(-12)?
79
Suppose 855 = 5*r - 2905. List the prime factors of r.
2, 47
Suppose -z - 3*k = -14, 0 = -4*z + 2*k - 12 + 110. List the prime factors of (z - 1)*((-40)/16 - -6).
7, 11
Let r(o) = 19*o. Let z be r(2). Suppose 101 = m + z. List the prime factors of m.
3, 7
Suppose -3*i + 958 = -2. List the prime factors of i.
2, 5
Suppose -4*a + 202 = 3*k, a - 143 = -2*k - 0*k. Suppose t = -8 + k. What are the prime factors of t?
2, 3, 11
Suppose -14 - 25 = -13*h. Suppose 5*r + 5 = 0, -h*p - 8*r + 367 = -3*r. What are the prime factors of p?
2, 31
Let r = 8568 + -5657. List the prime factors of r.
41, 71
Let j = 1280 - 1910. Let q = -448 - j. What are the prime factors of q?
2, 7, 13
Let y(t) = -t**3 - 7*t**2 + 10 - 5 - 7 + 6*t. Let v(n) = n - 3. Let k be v(-5). What are the prime factors of y(k)?
2, 7
Let w(g) = -243*g - 176. What are the prime factors of w(-5)?
1039
Let r(b) = 32*b**2 + 149*b**2 + 17*b**2. What are the prime factors of r(1)?
2, 3, 11
Suppose -47 + 45 = k. List the prime factors of 3/k*1000/(-60).
5
Let f(r) = -r + 1. Let p be f(3). List the prime factors of (p/3)/((-3)/18).
2
What are the prime factors of (31/(-2))/(2/(-84))?
3, 7, 31
Let k(t) = -197*t**3 + t**2 + 2*t + 1. What are the prime factors of k(-2)?
19, 83
Let q be (-6)/15 + (-48)/(-20). Suppose -b + 79 = q*r - 53, 0 = 5*r - 2*b - 348. List the prime factors of r.
2, 17
Suppose 5*f - 5*t = 195, -3*t + 127 = 3*f - 4*t. Let s = f + -20. Let u = 4 + s. List the prime factors of u.
2, 7
Let r = -3676 + 5652. What are the prime factors of r?
2, 13, 19
Let u(x) = 6*x**2 + 5*x + 19. What are the prime factors of u(8)?
443
Suppose 3*p 